rime factors of 21310971.
3, 11, 645787
What are the prime factors of 534805?
5, 106961
What are the prime factors of 2776001?
2776001
What are the prime factors of 230331?
3, 76777
What are the prime factors of 1363281?
3, 17, 26731
List the prime factors of 191468.
2, 151, 317
What are the prime factors of 145835?
5, 29167
What are the prime factors of 1339081?
397, 3373
List the prime factors of 107158.
2, 131, 409
List the prime factors of 2547819.
3, 131, 2161
What are the prime factors of 4482563?
1667, 2689
What are the prime factors of 1867826?
2, 53, 67, 263
List the prime factors of 429295.
5, 23, 3733
What are the prime factors of 25618?
2, 12809
What are the prime factors of 394660?
2, 5, 7, 2819
What are the prime factors of 3763407?
3, 1254469
What are the prime factors of 324609?
3, 108203
List the prime factors of 257366.
2, 128683
List the prime factors of 4459272.
2, 3, 29, 43, 149
What are the prime factors of 308422?
2, 154211
What are the prime factors of 183162?
2, 3, 7, 89
List the prime factors of 11112006.
2, 3, 89, 20809
List the prime factors of 5640691.
7, 433, 1861
List the prime factors of 2285729.
167, 13687
List the prime factors of 5669714.
2, 19, 31, 4813
What are the prime factors of 3513085?
5, 41, 17137
What are the prime factors of 1804875?
3, 5, 4813
What are the prime factors of 5641294?
2, 73, 38639
List the prime factors of 5471918.
2, 2735959
What are the prime factors of 6188081?
23, 89, 3023
What are the prime factors of 793593?
3, 88177
What are the prime factors of 1889322?
2, 3, 19, 16573
List the prime factors of 4192922.
2, 97, 21613
List the prime factors of 3590779.
3590779
What are the prime factors of 29615781?
3, 13, 47, 107, 151
List the prime factors of 509981.
31, 16451
What are the prime factors of 177794?
2, 88897
What are the prime factors of 180980?
2, 5, 9049
What are the prime factors of 314622?
2, 3, 7, 11, 227
What are the prime factors of 18401244?
2, 3, 1533437
What are the prime factors of 9180054?
2, 3, 13, 1453
List the prime factors of 594017.
283, 2099
What are the prime factors of 489527?
491, 997
What are the prime factors of 9114812?
2, 7, 367, 887
List the prime factors of 786049.
11, 19, 3761
List the prime factors of 1345685.
5, 11, 43, 569
List the prime factors of 5866499.
73, 80363
What are the prime factors of 4527242?
2, 599, 3779
List the prime factors of 3375450.
2, 3, 5, 13, 577
What are the prime factors of 95946?
2, 3, 15991
List the prime factors of 597363.
3, 13, 17, 53
List the prime factors of 3456840.
2, 3, 5, 28807
List the prime factors of 107581.
107581
What are the prime factors of 121340?
2, 5, 6067
List the prime factors of 16976.
2, 1061
List the prime factors of 801612.
2, 3, 7, 3181
What are the prime factors of 872474?
2, 17, 67, 383
List the prime factors of 2795027.
2795027
What are the prime factors of 1391367?
3, 179, 2591
List the prime factors of 210686.
2, 7, 101, 149
What are the prime factors of 7841148?
2, 3, 7, 17, 19
What are the prime factors of 1299005?
5, 259801
List the prime factors of 6641961.
3, 907, 2441
What are the prime factors of 104888?
2, 7, 1873
What are the prime factors of 1553738?
2, 776869
List the prime factors of 1235120.
2, 5, 15439
What are the prime factors of 3854814?
2, 3, 601, 1069
List the prime factors of 7422679.
11, 674789
List the prime factors of 1475336.
2, 184417
What are the prime factors of 1720221?
3, 31, 53, 349
What are the prime factors of 3978924?
2, 3, 331577
What are the prime factors of 7123943?
37, 192539
List the prime factors of 1740324.
2, 3, 17, 19, 449
List the prime factors of 104042.
2, 52021
List the prime factors of 6159779.
67, 89, 1033
What are the prime factors of 7175974?
2, 13, 275999
What are the prime factors of 1421538?
2, 3, 23, 10301
List the prime factors of 775404.
2, 3, 7, 17, 181
What are the prime factors of 4272157?
4272157
List the prime factors of 259102.
2, 353, 367
List the prime factors of 306394.
2, 11, 19, 733
What are the prime factors of 1151000?
2, 5, 1151
What are the prime factors of 214166?
2, 17, 6299
List the prime factors of 900986.
2, 450493
What are the prime factors of 60413?
60413
List the prime factors of 1268179.
11, 31, 3719
List the prime factors of 4511303.
19, 283, 839
What are the prime factors of 901665?
3, 5, 6679
What are the prime factors of 7228839?
3, 2409613
List the prime factors of 518792.
2, 64849
List the prime factors of 10337129.
11, 939739
What are the prime factors of 355276?
2, 88819
What are the prime factors of 5526795?
3, 5, 368453
What are the prime factors of 8343846?
2, 3, 7, 66221
What are the prime factors of 2345943?
3, 757, 1033
What are the prime factors of 1584893?
17, 93229
List the prime factors of 162131.
197, 823
What are the prime factors of 2011071?
3, 449, 1493
What are the prime factors of 19557920?
2, 5, 251, 487
List the prime factors of 9182407.
13, 79, 8941
What are the prime factors of 386397?
3, 11, 1301
List the prime factors of 1495017.
3, 18457
List the prime factors of 5168090.
2, 5, 29, 71, 251
What are the prime factors of 189992?
2, 11, 17, 127
List the prime factors of 4783334.
2, 131, 18257
What are the prime factors of 644952?
2, 3, 7, 11, 349
List the prime factors of 37691578.
2, 18845789
What are the prime factors of 3255052?
2, 23, 35381
What are the prime factors of 1201850?
2, 5, 13, 43
What are the prime factors of 342013?
7, 48859
What are the prime factors of 498583?
498583
List the prime factors of 3683020.
2, 5, 11, 16741
List the prime factors of 1413048.
2, 3, 7, 13, 647
List the prime factors of 3925006.
2, 1962503
What are the prime factors of 1235713?
17, 72689
List the prime factors of 103296.
2, 3, 269
What are the prime factors of 380869?
380869
List the prime factors of 397063.
397063
List the prime factors of 2193403.
71, 30893
List the prime factors of 19489543.
19489543
List the prime factors of 4199417.
563, 7459
List the prime factors of 2919.
3, 7, 139
List the prime factors of 1007421.
3, 335807
List the prime factors of 5514959.
19, 29, 10009
What are the prime factors of 309535?
5, 31, 1997
List the prime factors of 1329485.
5, 17, 15641
List the prime factors of 1699518.
2, 3, 191, 1483
What are the prime factors of 15731281?
73, 215497
What are the prime factors of 425098?
2, 43, 4943
What are the prime factors of 762409?
762409
List the prime factors of 11068539.
3, 3689513
What are the prime factors of 605665?
5, 29, 4177
List the prime factors of 3628241.
1877, 1933
What are the prime factors of 1312476?
2, 3, 11, 61, 163
What are the prime factors of 2482921?
7, 354703
List the prime factors of 14196909.
3, 4732303
List the prime factors of 155223.
3, 5749
List the prime factors of 715063.
715063
What are the prime factors of 9414581?
11, 191, 4481
List the prime factors of 1193505.
3, 5, 251, 317
List the prime factors of 240793.
7, 41, 839
What are the prime factors of 374188?
2, 139, 673
List the prime factors of 279548.
2, 17, 4111
What are the prime factors of 1223887?
7, 29, 6029
List the prime factors of 1027070.
2, 5, 11, 9337
List the prime factors of 377315.
5, 17, 23, 193
List the prime factors of 166680.
2, 3, 5, 463
List the prime factors of 4746925.
5, 189877
List the prime factors of 651355.
5, 17, 79, 97
List the prime factors of 732098.
2, 389, 941
List the prime factors of 198000.
2, 3, 5, 11
List the prime factors of 13547410.
2, 5, 1354741
List the prime factors of 5850158.
2, 2925079
What are the prime factors of 417144?
2, 3, 7, 13, 191
List the prime factors of 32771553.
3, 1667, 6553
List the prime factors of 278998.
2, 199, 701
What are the prime factors of 279680?
2, 5, 19, 23
What are the prime factors of 27410411?
7, 23, 61, 2791
What are the prime factors of 11282463?
3, 417869
List the prime factors of 119952.
2, 3, 7, 17
List the prime factors of 3388264.
2, 11, 139, 277
What are the prime factors of 7711144?
2, 7, 137699
List the prime factors of 394212.
2, 3, 7, 13, 19
What are the prime factors of 7439130?
2, 3, 5, 82657
List the prime factors of 497974.
2, 248987
What are the prime factors of 200062?
2, 67, 1493
What are the prime factors of 12292573?
12292573
What are the prime factors of 1228420?
2, 5, 17, 